or of 768 and 372?
12
What is the greatest common factor of 80 and 70?
10
What is the highest common divisor of 5 and 370?
5
Calculate the highest common factor of 4122 and 12.
6
Calculate the greatest common divisor of 252 and 476.
28
What is the highest common divisor of 36 and 117?
9
What is the highest common divisor of 335 and 5?
5
What is the greatest common divisor of 6 and 270?
6
Calculate the highest common factor of 201 and 2077.
67
Calculate the greatest common divisor of 5 and 145.
5
What is the greatest common divisor of 46 and 161?
23
Calculate the highest common divisor of 147 and 6762.
147
Calculate the greatest common divisor of 832 and 512.
64
What is the greatest common divisor of 66 and 121?
11
What is the highest common divisor of 83 and 2241?
83
What is the highest common factor of 3252 and 12?
12
What is the highest common factor of 75 and 175?
25
Calculate the greatest common divisor of 7 and 7.
7
What is the greatest common divisor of 22 and 1078?
22
Calculate the highest common divisor of 81 and 327.
3
What is the greatest common divisor of 16 and 1328?
16
Calculate the highest common factor of 42 and 238.
14
What is the highest common factor of 20 and 11090?
10
Calculate the greatest common divisor of 212 and 954.
106
What is the highest common divisor of 552 and 8?
8
Calculate the highest common divisor of 144 and 27.
9
Calculate the greatest common factor of 475 and 38.
19
Calculate the greatest common divisor of 86 and 43.
43
Calculate the greatest common divisor of 18 and 2271.
3
What is the highest common divisor of 14 and 49?
7
What is the greatest common factor of 106 and 6?
2
Calculate the highest common factor of 440 and 160.
40
What is the greatest common divisor of 55 and 2563?
11
Calculate the greatest common divisor of 6 and 52.
2
Calculate the highest common divisor of 13 and 10673.
13
Calculate the greatest common factor of 901 and 159.
53
Calculate the greatest common factor of 240 and 48.
48
What is the greatest common factor of 1078 and 1862?
98
What is the highest common divisor of 12 and 188?
4
What is the greatest common factor of 1962 and 36?
18
Calculate the highest common divisor of 1815 and 15.
15
What is the highest common factor of 2673 and 33?
33
What is the greatest common factor of 600 and 2600?
200
Calculate the highest common divisor of 33 and 3.
3
What is the greatest common divisor of 43 and 559?
43
What is the greatest common factor of 1075 and 25?
25
What is the greatest common divisor of 98 and 392?
98
Calculate the highest common divisor of 2700 and 400.
100
What is the greatest common divisor of 5 and 910?
5
What is the highest common factor of 1148 and 21?
7
Calculate the greatest common divisor of 1638 and 2366.
182
Calculate the highest common factor of 2592 and 96.
96
Calculate the greatest common factor of 448 and 112.
112
Calculate the highest common divisor of 928 and 1218.
58
What is the highest common factor of 400 and 1025?
25
What is the highest common factor of 1520 and 240?
80
What is the greatest common divisor of 50 and 1150?
50
Calculate the highest common factor of 26 and 2652.
26
What is the greatest common divisor of 1143 and 3175?
127
What is the greatest common factor of 52 and 11908?
52
Calculate the greatest common factor of 32 and 288.
32
Calculate the greatest common factor of 832 and 650.
26
Calculate the greatest common divisor of 1965 and 15.
15
Calculate the highest common divisor of 8 and 304.
8
What is the greatest common factor of 55 and 55?
55
What is the highest common divisor of 128 and 224?
32
Calculate the highest common divisor of 35 and 623.
7
Calculate the highest common factor of 14 and 798.
14
Calculate the highest common factor of 836 and 266.
38
What is the highest common factor of 6 and 86?
2
What is the highest common factor of 189 and 135?
27
What is the greatest common divisor of 272 and 8?
8
Calculate the greatest common divisor of 56 and 392.
56
Calculate the greatest common factor of 2291 and 29.
29
Calculate the greatest common divisor of 105 and 280.
35
Calculate the highest common factor of 17 and 572.
1
What is the greatest common divisor of 1178 and 62?
62
Calculate the greatest common factor of 24 and 15160.
8
What is the highest common factor of 32 and 12?
4
What is the greatest common divisor of 159 and 11289?
159
What is the highest common factor of 22 and 6842?
22
What is the greatest common divisor of 360 and 45?
45
What is the greatest common divisor of 68 and 221?
17
Calculate the greatest common factor of 16 and 54.
2
Calculate the greatest common divisor of 15089 and 191.
191
Calculate the highest common factor of 13 and 897.
13
What is the greatest common divisor of 20 and 24?
4
What is the greatest common factor of 90207 and 351?
351
Calculate the greatest common divisor of 28 and 4.
4
What is the greatest common divisor of 176 and 16?
16
Calculate the highest common factor of 288 and 384.
96
What is the highest common divisor of 7185 and 15?
15
Calculate the greatest common divisor of 35 and 15.
5
What is the highest common factor of 84 and 1722?
42
What is the greatest common factor of 109 and 1744?
109
Calculate the highest common factor of 56 and 128.
8
What is the highest common divisor of 2667 and 42?
21
Calculate the highest common factor of 12 and 12.
12
What is the greatest common factor of 17 and 2?
1
What is the greatest common factor of 32 and 1504?
32
What is the highest common factor of 200 and 1850?
50
What is the highest common divisor of 220 and 8?
4
Calculate the highest common divisor of 6 and 477.
3
What is the greatest common factor of 275 and 3091?
11
Calculate the highest common factor of 1328 and 83.
83
What is the greatest common divisor of 50 and 3380?
10
What is the highest common divisor of 158 and 40211?
79
What is the highest common factor of 143 and 2405?
13
Calculate the highest common factor of 453 and 1661.
151
Calculate the highest common divisor of 11269 and 59.
59
Calculate the highest common divisor of 108 and 204.
12
Calculate the highest common divisor of 408 and 102.
102
What is the highest common factor of 5559 and 187?
17
Calculate the highest common divisor of 24 and 24.
24
What is the greatest common divisor of 45889 and 109?
109
What is the greatest common factor of 512 and 9472?
256
Calculate the highest common factor of 310 and 527.
31
Calculate the greatest common divisor of 8 and 8.
8
What is the greatest common divisor of 372 and 48?
12
Calculate the greatest common divisor of 1851 and 12.
3
What is the greatest common divisor of 3771 and 9?
9
What is the greatest common factor of 4 and 6?
2
Calculate the greatest common factor of 12 and 14.
2
Calculate the highest common factor of 12509 and 7.
7
Calculate the highest common factor of 65 and 5.
5
What is the highest common factor of 39 and 5382?
39
What is the highest common factor of 124 and 3658?
62
Calculate the highest common divisor of 200 and 250.
50
Calculate the highest common factor of 150 and 90.
30
What is the greatest common divisor of 1794 and 390?
78
Calculate the highest common divisor of 288 and 9.
9
What is the highest common factor of 99 and 792?
99
Calculate the greatest common factor of 2574 and 99.
99
Calculate the highest common factor of 55 and 2189.
11
Calculate the highest common divisor of 5 and 35.
5
Calculate the greatest common factor of 18 and 1038.
6
Calculate the greatest common divisor of 48763 and 13.
13
What is the highest common factor of 18 and 152?
2
Calculate the highest common divisor of 29 and 377.
29
What is the highest common divisor of 10 and 115?
5
Calculate the highest common factor of 28 and 32.
4
Calculate the greatest common divisor of 1243 and 11.
11
Calculate the highest common factor of 36 and 306.
18
Calculate the highest common factor of 216 and 328.
8
Calculate the highest common factor of 92 and 4.
4
Calculate the highest common divisor of 1035 and 12995.
115
Calculate the highest common divisor of 203 and 986.
29
Calculate the greatest common factor of 15 and 3.
3
What is the highest common factor of 6477 and 51?
51
Calculate the highest common factor of 132 and 4400.
44
Calculate the greatest common factor of 9622 and 849.
283
What is the greatest co